a) + 2*k(a). Determine y(-2).
-36
Let i(q) be the second derivative of q**5/20 - 2*q**4/3 - 7*q**3/6 - 6*q**2 - 3*q. Let x = 3396 + -3387. Determine i(x).
6
Let n(z) = -2. Let d(o) be the third derivative of o**4/24 - 9*o**2. Let x(m) = 2*d(m) + 2*n(m). Let r = -159 - -162. Calculate x(r).
2
Let p be (58/4 + (-2)/4)/((-234)/(-234)). Let n(x) = -x**3 + 15*x**2 - 16*x - 7. Give n(p).
-35
Let m(a) = -13*a**3 - 2*a**2 - a + 1. Let v(f) = 79*f**3 + 18*f**2 + 2*f - 6. Let n(j) = -6*m(j) - v(j). Calculate n(1).
-3
Let z be (18/(-27))/(1/(-3)). Let s(k) = k + 0 - k**2 - 2*k**2 + 2*k**3 + 1 + 5*k**z. Let c = 1716 - 1718. What is s(c)?
-9
Let u(a) = -81*a**3 + 35*a**3 + 6*a**2 - 6 + 19*a**3 - 4*a + 23*a**3 + 0. What is u(4)?
-182
Let r(f) = 2*f - 12. Let p(l) = l - 8. Let b be p(-21). Let n(y) = y**2 + 31*y + 68. Let q be n(b). Calculate r(q).
8
Let r(w) = w**3 + w**2 + w + 5. Let c(d) = 41*d**3 + 3*d**2 + 3*d - 1. Let i be c(-1). Let n = 39 - 81. Let a = i - n. What is r(a)?
5
Let z(s) be the third derivative of s**8/20160 - s**7/1680 + 7*s**6/720 + 79*s**5/30 + 148*s**2. Let o(k) be the third derivative of z(k). Give o(3).
7
Let t(j) be the first derivative of 13*j**4/4 + 7*j**3/3 + 5*j**2/2 + 1650. Give t(-1).
-11
Let q(i) = -14*i + 222. Let z(n) = -7*n + 103. Let r(v) = -6*q(v) + 13*z(v). Give r(3).
-14
Let p(l) be the first derivative of l**4/4 - 2*l**3 + 2*l**2 + l + 297. What is p(5)?
-4
Let o(i) be the second derivative of -43*i + 11*i**2 - 1/3*i**3 + 0. Determine o(12).
-2
Let y(q) = 23*q - 2*q**2 - 22*q + 3*q**2. Let l(m) = -m**3 - 3*m**2 + 2*m - 3. Let c(x) = l(x) - 3*y(x). Let d be 14/(-2) - -3 - 2. Determine c(d).
3
Suppose -192 = 19*z - 31*z. Let i(b) = 10 + 8 + 4 - 3*b - z + 5*b. Give i(5).
16
Let s = -1 + 3. Suppose -80 = -25*d - 30. Let h(t) = 2*t**d - 19 + 2*t**2 + 25 + s*t - 5*t**2. Determine h(5).
-9
Let f be ((80/(-24))/2)/((-1)/3). Let v(l) be the third derivative of l**6/120 - l**5/15 - l**4/3 + 7*l**3/6 + 11*l**2. What is v(f)?
-8
Let q(y) = -1164*y - 8. Let f(s) = -389*s + 1. Let o(u) = 6*f(u) - 2*q(u). Give o(-2).
34
Suppose 19*v - 75 = 14*v - 4*f, -2*f + 10 = 0. Let t(a) = a**3 - 10*a**2 - 7*a + 7. Determine t(v).
51
Let t = 9362 - 9357. Let o(z) = 3*z**2 - 3*z - 68. What is o(t)?
-8
Let t = -17 - -20. Let z(y) be the second derivative of -y**3/2 - y**2/2 + y + 3563. Calculate z(t).
-10
Let i be ((-126)/35)/((-4)/30). Let t be 2/((48/i)/8). Let z(q) = q**3 - 8*q**2 - 11*q + 2. What is z(t)?
-16
Let x(r) = 6*r + 3. Let p(i) = 3*i - 2. Let v(o) = -4*o + 2. Let l(z) = -2*p(z) - 2*v(z). Let g(k) = -4*l(k) - x(k). What is g(3)?
-45
Let k(q) be the third derivative of -2*q**2 - 1/24*q**4 + 10 + 1/3*q**3 + 0*q - 1/60*q**5. Give k(3).
-10
Let p(u) be the third derivative of -u**5/60 - 3*u**4/8 + 33*u**3/2 - 8*u**2 + 3*u + 1. Give p(-15).
9
Let p(w) be the second derivative of -24*w + 1/12*w**4 - w**2 + 0 + 3/2*w**3. Give p(-9).
-2
Let p(i) = -i**3 + 5*i**2 - 2*i - 4. Let d be p(4). Suppose 3*j = -b - 11, -1 = -d*b + j - 6. Let h(z) = -2*z**3 - 3*z**2 - z + 2. Determine h(b).
8
Let k(a) = -1. Let l(m) = -3*m + 6. Let w(d) = -12*k(d) - l(d). Let y(j) = 2*j + 7. Let f(b) = -3*w(b) + 2*y(b). Suppose -51*n + 47*n - 12 = 0. Give f(n).
11
Let w = -732 + 627. Let i be (-3 - 0)*(w/(-9) - 12). Let k(j) = 4*j + 8*j**2 - 3*j - 1 + 0*j**2. What is k(i)?
8
Let k(v) be the third derivative of -17*v**5/120 + 17*v**3 - 90*v**2. Let b(u) be the first derivative of k(u). What is b(-1)?
17
Let x(d) = 28*d**3 - 11*d**2 + 2*d + 14. Let c(y) = 10*y**3 - 4*y**2 + y + 5. Suppose 10*a = -4*a + 42. Let w(z) = a*x(z) - 8*c(z). Give w(2).
26
Let w(a) = a**2 + 3*a - 16. Suppose 15 = -4*d - 117*j + 116*j, 0 = -2*d + 2*j - 20. Give w(d).
-6
Let l(t) be the third derivative of 5/24*t**4 + 3/20*t**5 + 1/120*t**6 + 0*t + 1/2*t**3 - 21*t**2 + 0. Give l(-8).
27
Let y(x) be the first derivative of -13*x**2 + 286*x + 6084. Determine y(11).
0
Let c be ((-18)/(-15))/(10/(-25)). Let z(t) be the third derivative of t**4/12 + 5*t**3/6 - t**2 + 40*t. Give z(c).
-1
Suppose 162*j - 37*j = -4*j + 1806. Let n(a) = -21*a**2 + 296*a - 33. What is n(j)?
-5
Let j = 123 + -123. Let u(c) = -2 + j + 9*c + c - 9*c + 7*c**2. Determine u(1).
6
Let j(x) be the second derivative of 31*x**4/12 + 5*x**3/6 - x**2 + 8813*x. Give j(-1).
24
Let n(a) = 18*a + 272. Let q(d) = 36*d + 578. Let w(t) = 7*n(t) - 3*q(t). What is w(-10)?
-10
Let f(t) be the third derivative of -t**2 - 2/15*t**5 + 0*t + 3/8*t**4 - 11 - 4/3*t**3 + 1/120*t**6. Determine f(7).
6
Let m(u) = -26*u - 112. Let v = -941 + 937. Give m(v).
-8
Let c(h) = 6*h - 40024*h**3 - 7*h + 40027*h**3 - 1. Suppose 0*t = t + 4*n + 2, -3*n - 7 = -2*t. What is c(t)?
21
Let z(y) = -y**3 + 1 + 7607759*y - 7607752*y + 6*y**2 + 0 - 4 - 5*y**2. Determine z(-2).
-5
Let b(p) = -2*p**2 - 48*p - 45. Suppose 3*q + 118 = -4*k + 44, -5*k - 3*q = 97. Give b(k).
1
Suppose -4*k + 9*k - 77 = -r, 0 = -3*k + 4*r + 37. Let w(h) = 21*h + 5 - k*h - 3. What is w(1)?
8
Let o = -1701 - -1703. Let u(c) = -2*c**3 - 2*c**2 + 3. What is u(o)?
-21
Let b(o) = -o**2 - 4*o + 62. Let k(s) = 6*s - 18. Let f be k(4). Let r be b(f). Let u(g) = 2 + 0*g + 2*g**2 - 3*g + 0*g + g. Calculate u(r).
6
Suppose 6*a + 222 = 12*a. Suppose 0 = -a*i + 44*i. Let l(f) = f + 12. What is l(i)?
12
Let j(v) = -v + 18. Suppose 5425*s - 184 = 5402*s. Calculate j(s).
10
Let t(m) = -m**2 - 5*m - 9. Suppose 247*x - 84*x = -978. Determine t(x).
-15
Let a be 0/((8 - 5) + -4). Suppose -13*d - 15 - 11 = a. Let b(s) = -5*s + 1. Determine b(d).
11
Let x be (2 - (-4 - 290/(-30)))*3. Let b(v) = 6*v**3 + 7*v**2 + 12*v + 8. Let k(w) = w**3 - w**2. Let f(o) = -b(o) + 5*k(o). Give f(x).
3
Let t be 12/(-15) - (-418)/110. Let n(h) = 9*h - 3. Calculate n(t).
24
Let y(w) = 23*w - 401. Let a(n) = -10*n + 199. Let f(k) = 5*a(k) + 2*y(k). Determine f(50).
-7
Let b(w) = -4*w**2 + 7. Let o(f) = 7*f**2 - f - 12. Let l(u) = 11*b(u) + 6*o(u). Give l(-4).
-3
Let y be 56/9 - 8/36. Let a be (-1 - -1) + y/(-12)*-94. Let f(r) = -2*r**2 + 21*r - a*r + 28*r. Determine f(2).
-4
Let u(i) = 91*i**2 + 2095*i - 38. Let v(d) = 18*d**2 + 441*d - 8. Let a(k) = -4*u(k) + 19*v(k). Let h(j) = j - 5. Let n be h(4). Give a(n).
-21
Let m(l) = 8*l + 3. Suppose 3*g - 5*o + 47 = 0, -4*g = -2*o + 56 - 26. Calculate m(g).
-29
Let j = 6 + -4. Suppose j*a = -5 + 9. Let o(r) be the first derivative of 5*r**2/2 + r - 7. Give o(a).
11
Let y(a) = -99*a - 99. Let g be y(-1). Let i(d) be the second derivative of -1/6*d**3 - 13*d + 1/2*d**2 + g. Give i(5).
-4
Suppose 2*n = 5*s - 626, -662 = 2*n + 4*s - 0*s. Let b = n - -322. Let l(z) = 3 + 10*z - 6 + 4. Determine l(b).
-9
Suppose 0 = d - 2*z - 25, -55*z = -4*d - 35*z + 196. Let c(m) = m**2 - 15*m + 51. What is c(d)?
-3
Let n(z) = -3*z**2 - 53*z + 78. Let f(m) = -7*m**2 - 109*m + 156. Let l(p) = 4*f(p) - 9*n(p). Calculate l(39).
0
Let h(t) be the first derivative of -2*t**3/3 - 8*t**2 + 9*t + 23. Let p(i) = i**2 + 7*i - 4. Let f(d) = 3*h(d) + 7*p(d). What is f(1)?
1
Let i(t) = -t**2 + 19*t - 46. Let d be i(16). Let s(x) = -3 + d + 9*x + 0*x. Determine s(-1).
-10
Let x(m) = -13*m**2 + 1 + m**3 + 30563*m - 61071*m + 30529*m + 0*m**3. Give x(11).
-10
Suppose 0 = -5*y - 146 + 156. Let a(j) = -2*j**2 + 4 - y*j**2 - 286*j**3 + 287*j**3. Give a(4).
4
Let o(f) = -3*f**2 - 8*f - 3. Let h(j) = 2*j**2 + j - 2. Let u(p) = -h(p) - o(p). Determine u(-3).
-7
Let a(g) = g**3 + 10*g**2 - 4*g - 5. Let z be 3/45*-159 + 27/45. Calculate a(z).
35
Let l(s) = -2*s**3 + 3*s**2 + 5*s + 10. Let u be l(3). Let w(p) = p**2 - 2*p. Let n(c) = -c**2 + 4*c - 4. Let h(f) = -n(f) - 2*w(f). Calculate h(u).
0
Let g = -1002 + 1054. Let x(p) = -p**2 - 48 + 0*p**2 + 8*p + g + p**2 + p**2. Suppose -4*i = 27 + 1. What is x(i)?
-3
Let u(y) = 16*y**3 + 11*y**2 + 11*y + 27. Let h be (-32)/12*3 + 4. Let w(d) = -9*d**3 - 5*d**2 - 6*d - 14. Let j(i) = h*u(i) - 7*w(i). What is j(-9)?
8
Let u(c) = c**2 - 4*c + 4. Let n = -159 + 109. Let v = n + 70. Suppose 0*h - v = -4*h. Determine u(h).
9
Let b(o) = 7*o**3 + 17*o**2 - 10*o + 4. Let q(s) = 2*s**3 + s**2 - 3*s + 1. Let i(j) = -b(j) + 3*q(j). What is i(-14)?
-15
Suppose 9*j + 61*j + 11*j - 2187 = 0. Let z(a) = a**3 - 29*a**2 + 53*a - 2. Determine z(j).
-29
Let l(n) = 1289 - 422 + n**2 - 404 - 386 - 17*n. Calculate 